0, 3*w + 5*k - 465 = 2*k. Let h = w + -106. Calculate the greatest common divisor of h and i.
22
Suppose 0 = 3*s + 4*p - 4196, 2*s = 3*p - 794 + 3597. Calculate the greatest common factor of 40 and s.
40
Suppose 0 = -5*w - 16 + 26. Suppose -78 = 5*s + 2*b, -1 = -3*s + w*b - 35. Let t be 2/s + 1575/49. What is the highest common factor of 48 and t?
16
Suppose -5*r = -79 + 29. Let i(q) = 18*q - 5*q - 2 - 2*q**2 - 8*q + 4*q**2. Let h be i(-6). Calculate the greatest common factor of r and h.
10
Let h be (-114)/(-7) + 4/(-14). Suppose -3*m - 134 = -k, 3*k - 5*m = 2*k + 140. Let o = k - 13. What is the greatest common factor of h and o?
16
Let d = 57 + -63. Let n be d/(-14) + 120/14. Let j = 60 - 15. What is the highest common divisor of j and n?
9
Let r = 59 - 40. Suppose 3*q - 15 = 0, 0 = -y - y + 2*q - 106. Let u = 85 - y. What is the highest common factor of r and u?
19
Suppose -31*o = 32*o - 9324. What is the highest common factor of o and 407?
37
Let t be (-1)/2*0/(1 - -3). Let f be -5 + 8 + (t - -1) + 0. Let b(x) = -x**3 - 5*x**2 - 5*x + 3. Let r be b(-5). What is the greatest common divisor of r and f?
4
Let t be (14 - -1)/(2/2). Suppose -3*j + 3 = -t. Calculate the highest common divisor of j and 96.
6
Suppose -4*d + 2344 = 2*r, 3*d + 51*r - 1768 = 52*r. Calculate the greatest common divisor of 420 and d.
84
Suppose -3*p + 28 + 4 = 4*d, -2*p = -5*d - 29. Let b be 182/3*18/p. What is the greatest common divisor of 7 and b?
7
Suppose 816 + 938 = 2*o. Let f = o - 562. Calculate the highest common divisor of 35 and f.
35
Let f = 4269 - 4252. Suppose -56 = -5*r + 284. Calculate the greatest common factor of r and f.
17
Let d = -1002 + 1011. What is the highest common factor of d and 8?
1
Let s = -480 + 504. Calculate the highest common divisor of 112 and s.
8
Let j(p) = -p**3 + 9*p**2 + 20. Let a be j(9). Suppose 4*f - 16 = -0*f. Suppose -4 - a = -f*g. What is the highest common factor of g and 4?
2
Suppose 5*m + 4*q = 9*q + 125, -5*m = q - 113. Suppose 8*y - 7*y - 69 = 0. Calculate the greatest common divisor of m and y.
23
Let s(v) = -13*v + 1. Let x be s(-2). Let q be 6/x + (-428)/(-18). Calculate the highest common divisor of 12 and q.
12
Suppose 6*q = q + 30. Suppose -4*r + 8 = -28. What is the highest common divisor of q and r?
3
Let d be (-6)/((-8)/(-4)) + (-33)/(-3). Let l be 108/(-6)*d/(-3). Calculate the greatest common divisor of l and 24.
24
Let g = 10 - 7. Suppose g*a + 2*s + 4 = 16, -5*a = 2*s - 20. Suppose -5*j = -a*b - 14, 0 = 4*b - 16 - 0. What is the highest common factor of 3 and j?
3
Let z(g) = 1. Let b(q) = -4*q - 11. Let d(o) = b(o) + 2*z(o). Let p be d(-3). Suppose r + 3 = 2*r. What is the greatest common divisor of r and p?
3
Let m be 12/18 + ((-2724)/(-9))/2. Suppose 10*i - m = -2. Calculate the highest common factor of 150 and i.
15
Suppose 0*q - 4*q = -992. Suppose 5*n = n - 2*h + 120, -7*h - 138 = -4*n. What is the highest common divisor of q and n?
31
Let r be ((-35460)/15)/(-6) - (-12)/(-3). Calculate the greatest common factor of r and 150.
30
Let r = -484 + 504. Calculate the highest common factor of 1040 and r.
20
Let w = 2 + 3. Suppose 501 = 5*g + 3*u, -8*g + w*u + 386 = -4*g. Let v be (3/((-3)/11))/(-1). Calculate the highest common factor of v and g.
11
Suppose -2*v = -2*l - 0*l - 60, 4*l = -5*v + 168. Calculate the highest common divisor of 608 and v.
32
Let c be (-3)/((2 - -1)/(-9)). Suppose -8*o + 645 = -3*o. Suppose 4*k + 3*q = 195, 5*k - 121 = -5*q + o. What is the highest common divisor of k and c?
9
Suppose x = 2*x + 3. Let u be 1/x - 104/(-6). Suppose 0 = z - 5*w + 4 - u, 0 = -3*z + 3*w + 87. Calculate the highest common factor of 11 and z.
11
Let n(k) = 0*k**2 - 5 + 7*k**2 - 3 + k**3 - 10*k. Let d be n(-8). Let w be ((-6)/36*2)/((-1)/264). What is the highest common factor of d and w?
8
Let v(a) = -2 + 5*a - 2*a**3 + 4 - 88*a**2 + 87*a**2. Let o = 0 - 3. Let y be v(o). What is the highest common factor of y and 48?
16
Let n(r) = -2*r**2 - 28*r. Let a be n(-13). Suppose -99 = -9*b + 252. Calculate the greatest common divisor of a and b.
13
Let j = 10 - 5. Suppose -3*a + j = -1. Let b be a/4*-9*-4. Calculate the highest common factor of 27 and b.
9
Let o(g) = -2*g**2 + 3*g + 21. Let a be o(0). Calculate the highest common factor of 147 and a.
21
Let t = -1172 - -1277. What is the greatest common divisor of 385 and t?
35
Let y = -353 + 355. Calculate the highest common divisor of y and 19.
1
Let d be (4/6)/((-6)/(-945)). Let u = 18 + -12. Suppose u*z = 11*z - d. What is the highest common divisor of 42 and z?
21
Let o be (-45)/((-2)/78 - 0). Let s be 2/4 - o/(-10). Suppose -5*h + 25 = 0, -3*n - h + 81 = 2*h. Calculate the greatest common factor of s and n.
22
Suppose 58 = 4*u - 38. Suppose 2*z - 6*g = -g + 134, 158 = 2*z + g. Suppose -z = -2*f - 5. Calculate the highest common divisor of u and f.
12
Let t be 98*(-5)/((-50)/35). Let l be ((-24)/(-14))/(14/t). What is the greatest common divisor of 21 and l?
21
Let d be -1 + 14 + -22 + 24. Let v = 73 + -58. What is the greatest common factor of v and d?
15
Suppose -10*a - 234 + 714 = 0. Calculate the highest common divisor of a and 60.
12
Let n be (-3 + (-9)/(-7))/((-6)/21). Calculate the greatest common divisor of 150 and n.
6
Suppose 0 = 2*g + 2*y + y - 105, 5*y + 300 = 5*g. Let j(h) = -h**3 - 6*h**2 + 30*h + 46. Let q be j(-9). What is the greatest common factor of q and g?
19
Let o be ((-12)/14)/(5/((-280)/16)). Let i = 54 + 70. Suppose -i + 19 = -5*a. Calculate the highest common divisor of a and o.
3
Let x = 44 + -41. Suppose -x*v + 2*v + n = 0, 2*n = -5*v + 14. Calculate the highest common divisor of v and 6.
2
Let n = 175 - 99. Let c be (-1)/1 - -37 - 4. Suppose 0 = p - 3*l - c, 4*p = -5*l + 220 - 58. Calculate the highest common factor of n and p.
38
Suppose 330 = g + p, 0 = -3*g - 5*p + 9*p + 1011. What is the highest common divisor of g and 9?
9
Let t be 3*(3 - (-101)/3). Suppose -13*b + 2*b = -t. Calculate the greatest common divisor of 50 and b.
10
Suppose -g = -w + 62 - 10, -12 = 4*g. Let k = -25 + w. Let h = -19 - -43. Calculate the greatest common factor of h and k.
24
Let z(g) = 26*g + 290. Let q be z(-11). Calculate the greatest common divisor of q and 316.
4
Let p = -7 + 11. Suppose 3*i - 77 = 3*t + p*i, 4*t + 90 = 5*i. Let y be (-5)/t + 734/5. What is the greatest common divisor of y and 21?
21
Let l be 3/(-2 + -1)*-39. Let w = 0 + 5. Suppose w*v = 27 + 38. Calculate the highest common divisor of v and l.
13
Let l = 8 - 3. Let a(d) = d**2 - 2. Let x be a(2). Suppose k = l + x. What is the greatest common factor of 7 and k?
7
Suppose 53 + 219 = 4*d. Suppose 2*j = 184 + d. Calculate the greatest common factor of 18 and j.
18
Let g = 846 - -986. What is the highest common factor of g and 16?
8
Let z be (-42)/(-2) - 1*(0 - 3). Let p(t) = 29*t - 90. Let v be p(6). Calculate the greatest common divisor of v and z.
12
Let o(t) be the second derivative of -5*t**3/3 + 11*t**2 + t. Let z be 13/(65/(-30)) + (-2 - 1). Let s be o(z). What is the highest common divisor of s and 14?
14
Suppose s = -d + 1318, 4*s - 18*d = -8*d + 5300. Calculate the greatest common factor of 120 and s.
120
Let l be (56/7 - -67) + 4/2. Calculate the highest common factor of 7 and l.
7
Let s = 59 + -29. Let n = s + 10. What is the greatest common divisor of n and 5?
5
Let m = -215 - -471. Calculate the greatest common factor of 8 and m.
8
Suppose -354 - 426 = -3*k. Suppose 3*d = d + k. Let i be d + 1 + 5 + -4. Calculate the greatest common divisor of i and 12.
12
Let m be ((-2)/(-3))/(32/(-48)). Let c be 0*(-1)/m + -3 + 6. Let v = 18 + -9. Calculate the greatest common divisor of v and c.
3
Let f = -4 + 6. Suppose 2*v = -3*p - 7, 3*v + 4*p - f = 2*p. Calculate the highest common factor of v and 36.
4
Suppose -111*z - 90 = -116*z. Let r be 140 + 1 - 15/(-5). What is the greatest common factor of r and z?
18
Suppose -9*v + 56 = -2*v. Calculate the greatest common divisor of v and 64.
8
Let x(r) = -242*r + 6. Let o be x(-1). Let w(a) = -a - 8. Let s be w(-6). Let j be (s/4)/((-4)/o). What is the highest common divisor of j and 155?
31
Suppose -12 = 93*j - 96*j. What is the highest common factor of 28 and j?
4
Let w be ((-10780)/231)/((-4)/6). What is the highest common